{"id":157,"date":"2017-11-07T20:44:24","date_gmt":"2017-11-07T19:44:24","guid":{"rendered":"http:\/\/lenkanemravova.com\/?page_id=157"},"modified":"2025-03-08T14:03:02","modified_gmt":"2025-03-08T13:03:02","slug":"sluzby","status":"publish","type":"page","link":"https:\/\/www.lenkanemravova.cz\/?page_id=157","title":{"rendered":"Slu\u017eby"},"content":{"rendered":"\t\t<div data-elementor-type=\"wp-page\" data-elementor-id=\"157\" class=\"elementor elementor-157\">\n\t\t\t\t\t\t\t\t\t<section class=\"has_eae_slider elementor-section elementor-top-section elementor-element elementor-element-7036171e elementor-section-boxed elementor-section-height-default elementor-section-height-default\" data-id=\"7036171e\" data-element_type=\"section\" data-settings=\"{&quot;background_background&quot;:&quot;classic&quot;}\">\n\t\t\t\t\t\t<div class=\"elementor-container elementor-column-gap-wider\">\n\t\t\t\t\t<div class=\"has_eae_slider elementor-column elementor-col-33 elementor-top-column elementor-element elementor-element-14c4071\" data-id=\"14c4071\" data-element_type=\"column\">\n\t\t\t<div class=\"elementor-widget-wrap elementor-element-populated\">\n\t\t\t\t\t\t\t\t<div class=\"elementor-element elementor-element-8d10ae3 elementor-widget elementor-widget-image\" data-id=\"8d10ae3\" data-element_type=\"widget\" data-widget_type=\"image.default\">\n\t\t\t\t<div class=\"elementor-widget-container\">\n\t\t\t\t\t\t\t\t\t\t\t\t\t\t\t\t<a href=\"https:\/\/www.lenkanemravova.cz\/?page_id=816\">\n\t\t\t\t\t\t\t<img width=\"300\" height=\"300\" src=\"https:\/\/www.lenkanemravova.cz\/wp-content\/uploads\/2020\/09\/face.jpg\" class=\"attachment-medium size-medium wp-image-1347\" alt=\"\" loading=\"lazy\" srcset=\"https:\/\/www.lenkanemravova.cz\/wp-content\/uploads\/2020\/09\/face.jpg 300w, https:\/\/www.lenkanemravova.cz\/wp-content\/uploads\/2020\/09\/face-150x150.jpg 150w, https:\/\/www.lenkanemravova.cz\/wp-content\/uploads\/2020\/09\/face-144x144.jpg 144w\" sizes=\"(max-width: 300px) 100vw, 300px\" \/>\t\t\t\t\t\t\t\t<\/a>\n\t\t\t\t\t\t\t\t\t\t\t\t\t\t\t<\/div>\n\t\t\t\t<\/div>\n\t\t\t\t<div class=\"elementor-element elementor-element-7b6a71f elementor-view-default elementor-position-top elementor-mobile-position-top elementor-widget elementor-widget-icon-box\" data-id=\"7b6a71f\" data-element_type=\"widget\" data-widget_type=\"icon-box.default\">\n\t\t\t\t<div class=\"elementor-widget-container\">\n\t\t\t\t\t<div class=\"elementor-icon-box-wrapper\">\n\t\t\t\t\t\t<div class=\"elementor-icon-box-icon\">\n\t\t\t\t<a href=\"https:\/\/www.lenkanemravova.cz\/?page_id=816\" class=\"elementor-icon elementor-animation-\" tabindex=\"-1\">\n\t\t\t\t\t\t\t\t<\/a>\n\t\t\t<\/div>\n\t\t\t\t\t\t<div class=\"elementor-icon-box-content\">\n\t\t\t\t<h3 class=\"elementor-icon-box-title\">\n\t\t\t\t\t<a href=\"https:\/\/www.lenkanemravova.cz\/?page_id=816\" >\n\t\t\t\t\t\tKOSMETIKA\t\t\t\t\t<\/a>\n\t\t\t\t<\/h3>\n\t\t\t\t\t\t\t\t\t<p class=\"elementor-icon-box-description\">\n\t\t\t\t\t\t\u010casov\u00e1 trilogie: zpomalen\u00ed st\u00e1rnut\u00ed, boj s \u010dasem a zapln\u011bn\u00ed zn\u00e1mek \u010dasu. Kombinace kosmetiky vedouc\u00ed k osobn\u00edmu uspokojen\u00ed pot\u0159eb pleti ka\u017ed\u00e9ho z\u00e1kazn\u00edka.\t\t\t\t\t<\/p>\n\t\t\t\t\t\t\t<\/div>\n\t\t<\/div>\n\t\t\t\t<\/div>\n\t\t\t\t<\/div>\n\t\t\t\t\t<\/div>\n\t\t<\/div>\n\t\t\t\t<div class=\"has_eae_slider elementor-column elementor-col-33 elementor-top-column elementor-element elementor-element-45b9c60a\" data-id=\"45b9c60a\" data-element_type=\"column\">\n\t\t\t<div class=\"elementor-widget-wrap elementor-element-populated\">\n\t\t\t\t\t\t\t\t<div class=\"elementor-element elementor-element-39ba5bd elementor-widget elementor-widget-image\" data-id=\"39ba5bd\" data-element_type=\"widget\" data-widget_type=\"image.default\">\n\t\t\t\t<div class=\"elementor-widget-container\">\n\t\t\t\t\t\t\t\t\t\t\t\t\t\t\t\t<a href=\"https:\/\/www.lenkanemravova.cz\/?page_id=93\">\n\t\t\t\t\t\t\t<img width=\"500\" height=\"500\" src=\"https:\/\/www.lenkanemravova.cz\/wp-content\/uploads\/2017\/11\/round2.jpg\" class=\"attachment-full size-full wp-image-357\" alt=\"\" loading=\"lazy\" srcset=\"https:\/\/www.lenkanemravova.cz\/wp-content\/uploads\/2017\/11\/round2.jpg 500w, https:\/\/www.lenkanemravova.cz\/wp-content\/uploads\/2017\/11\/round2-150x150.jpg 150w, https:\/\/www.lenkanemravova.cz\/wp-content\/uploads\/2017\/11\/round2-300x300.jpg 300w, https:\/\/www.lenkanemravova.cz\/wp-content\/uploads\/2017\/11\/round2-425x425.jpg 425w, https:\/\/www.lenkanemravova.cz\/wp-content\/uploads\/2017\/11\/round2-350x350.jpg 350w\" sizes=\"(max-width: 500px) 100vw, 500px\" \/>\t\t\t\t\t\t\t\t<\/a>\n\t\t\t\t\t\t\t\t\t\t\t\t\t\t\t<\/div>\n\t\t\t\t<\/div>\n\t\t\t\t<div class=\"elementor-element elementor-element-4229f914 elementor-view-default elementor-position-top elementor-mobile-position-top elementor-widget elementor-widget-icon-box\" data-id=\"4229f914\" data-element_type=\"widget\" data-widget_type=\"icon-box.default\">\n\t\t\t\t<div class=\"elementor-widget-container\">\n\t\t\t\t\t<div class=\"elementor-icon-box-wrapper\">\n\t\t\t\t\t\t<div class=\"elementor-icon-box-icon\">\n\t\t\t\t<a href=\"https:\/\/www.lenkanemravova.cz\/?page_id=93\" class=\"elementor-icon elementor-animation-\" tabindex=\"-1\">\n\t\t\t\t\t\t\t\t<\/a>\n\t\t\t<\/div>\n\t\t\t\t\t\t<div class=\"elementor-icon-box-content\">\n\t\t\t\t<h3 class=\"elementor-icon-box-title\">\n\t\t\t\t\t<a href=\"https:\/\/www.lenkanemravova.cz\/?page_id=93\" >\n\t\t\t\t\t\tLifting \u0159as &amp; LAMINACE OBO\u010c\u00cd\t\t\t\t\t<\/a>\n\t\t\t\t<\/h3>\n\t\t\t\t\t\t\t\t\t<p class=\"elementor-icon-box-description\">\n\t\t\t\t\t\tLifting \u0159as tj. Lash Lifting. Metoda kter\u00e1 umo\u017en\u00ed vizu\u00e1ln\u011b p\u0159idat prodlou\u017een\u00ed a nato\u010den\u00ed na p\u0159\u00edrodn\u00edch \u0159as\u00e1ch. \t\t\t\t\t<\/p>\n\t\t\t\t\t\t\t<\/div>\n\t\t<\/div>\n\t\t\t\t<\/div>\n\t\t\t\t<\/div>\n\t\t\t\t\t<\/div>\n\t\t<\/div>\n\t\t\t\t<div class=\"has_eae_slider elementor-column elementor-col-33 elementor-top-column elementor-element elementor-element-7325592\" data-id=\"7325592\" data-element_type=\"column\">\n\t\t\t<div class=\"elementor-widget-wrap elementor-element-populated\">\n\t\t\t\t\t\t\t\t<div class=\"elementor-element elementor-element-46f2c1e elementor-widget elementor-widget-image\" data-id=\"46f2c1e\" data-element_type=\"widget\" data-widget_type=\"image.default\">\n\t\t\t\t<div class=\"elementor-widget-container\">\n\t\t\t\t\t\t\t\t\t\t\t\t\t\t\t\t<a href=\"https:\/\/www.lenkanemravova.cz\/?page_id=87\">\n\t\t\t\t\t\t\t<img width=\"500\" height=\"500\" src=\"https:\/\/www.lenkanemravova.cz\/wp-content\/uploads\/2017\/11\/round4.jpg\" class=\"attachment-full size-full wp-image-363\" alt=\"\" loading=\"lazy\" srcset=\"https:\/\/www.lenkanemravova.cz\/wp-content\/uploads\/2017\/11\/round4.jpg 500w, https:\/\/www.lenkanemravova.cz\/wp-content\/uploads\/2017\/11\/round4-150x150.jpg 150w, https:\/\/www.lenkanemravova.cz\/wp-content\/uploads\/2017\/11\/round4-300x300.jpg 300w, https:\/\/www.lenkanemravova.cz\/wp-content\/uploads\/2017\/11\/round4-425x425.jpg 425w, https:\/\/www.lenkanemravova.cz\/wp-content\/uploads\/2017\/11\/round4-350x350.jpg 350w\" sizes=\"(max-width: 500px) 100vw, 500px\" \/>\t\t\t\t\t\t\t\t<\/a>\n\t\t\t\t\t\t\t\t\t\t\t\t\t\t\t<\/div>\n\t\t\t\t<\/div>\n\t\t\t\t<div class=\"elementor-element elementor-element-3a4c061 elementor-view-default elementor-position-top elementor-mobile-position-top elementor-widget elementor-widget-icon-box\" data-id=\"3a4c061\" data-element_type=\"widget\" data-widget_type=\"icon-box.default\">\n\t\t\t\t<div class=\"elementor-widget-container\">\n\t\t\t\t\t<div class=\"elementor-icon-box-wrapper\">\n\t\t\t\t\t\t<div class=\"elementor-icon-box-icon\">\n\t\t\t\t<a href=\"https:\/\/www.lenkanemravova.cz\/?page_id=87\" class=\"elementor-icon elementor-animation-\" tabindex=\"-1\">\n\t\t\t\t\t\t\t\t<\/a>\n\t\t\t<\/div>\n\t\t\t\t\t\t<div class=\"elementor-icon-box-content\">\n\t\t\t\t<h3 class=\"elementor-icon-box-title\">\n\t\t\t\t\t<a href=\"https:\/\/www.lenkanemravova.cz\/?page_id=87\" >\n\t\t\t\t\t\tCND Shellac\n&amp;  PLEXIGEL\t\t\t\t\t<\/a>\n\t\t\t\t<\/h3>\n\t\t\t\t\t\t\t\t\t<p class=\"elementor-icon-box-description\">\n\t\t\t\t\t\tMetoda \u00fapravy p\u0159\u00edrodn\u00edch neht\u016f bez naru\u0161en\u00ed integrity povrchu. Gellakov\u00e1 metoda s patentovanou technologi\u00ed. 60+ barev.\t\t\t\t\t<\/p>\n\t\t\t\t\t\t\t<\/div>\n\t\t<\/div>\n\t\t\t\t<\/div>\n\t\t\t\t<\/div>\n\t\t\t\t\t<\/div>\n\t\t<\/div>\n\t\t\t\t\t\t\t<\/div>\n\t\t<\/section>\n\t\t\t\t<section class=\"has_eae_slider elementor-section elementor-top-section elementor-element elementor-element-18e49bb1 elementor-section-height-min-height elementor-section-boxed elementor-section-height-default elementor-section-items-middle\" data-id=\"18e49bb1\" data-element_type=\"section\" data-settings=\"{&quot;background_background&quot;:&quot;classic&quot;}\">\n\t\t\t\t\t\t<div class=\"elementor-container elementor-column-gap-wider\">\n\t\t\t\t\t<div class=\"has_eae_slider elementor-column elementor-col-33 elementor-top-column elementor-element elementor-element-aa98916\" data-id=\"aa98916\" data-element_type=\"column\">\n\t\t\t<div class=\"elementor-widget-wrap elementor-element-populated\">\n\t\t\t\t\t\t\t\t<div class=\"elementor-element elementor-element-25cb937 elementor-widget elementor-widget-image\" data-id=\"25cb937\" data-element_type=\"widget\" data-widget_type=\"image.default\">\n\t\t\t\t<div class=\"elementor-widget-container\">\n\t\t\t\t\t\t\t\t\t\t\t\t\t\t\t\t<a href=\"https:\/\/www.lenkanemravova.cz\/?page_id=619\">\n\t\t\t\t\t\t\t<img width=\"800\" height=\"800\" src=\"https:\/\/www.lenkanemravova.cz\/wp-content\/uploads\/2021\/12\/Lycon-nejlepsi.jpg\" class=\"attachment-full size-full wp-image-2446\" alt=\"\" loading=\"lazy\" srcset=\"https:\/\/www.lenkanemravova.cz\/wp-content\/uploads\/2021\/12\/Lycon-nejlepsi.jpg 800w, https:\/\/www.lenkanemravova.cz\/wp-content\/uploads\/2021\/12\/Lycon-nejlepsi-300x300.jpg 300w, https:\/\/www.lenkanemravova.cz\/wp-content\/uploads\/2021\/12\/Lycon-nejlepsi-150x150.jpg 150w, https:\/\/www.lenkanemravova.cz\/wp-content\/uploads\/2021\/12\/Lycon-nejlepsi-768x768.jpg 768w, https:\/\/www.lenkanemravova.cz\/wp-content\/uploads\/2021\/12\/Lycon-nejlepsi-144x144.jpg 144w, https:\/\/www.lenkanemravova.cz\/wp-content\/uploads\/2021\/12\/Lycon-nejlepsi-425x425.jpg 425w, https:\/\/www.lenkanemravova.cz\/wp-content\/uploads\/2021\/12\/Lycon-nejlepsi-350x350.jpg 350w\" sizes=\"(max-width: 800px) 100vw, 800px\" \/>\t\t\t\t\t\t\t\t<\/a>\n\t\t\t\t\t\t\t\t\t\t\t\t\t\t\t<\/div>\n\t\t\t\t<\/div>\n\t\t\t\t<div class=\"elementor-element elementor-element-5709c66 elementor-widget elementor-widget-icon-box\" data-id=\"5709c66\" data-element_type=\"widget\" data-widget_type=\"icon-box.default\">\n\t\t\t\t<div class=\"elementor-widget-container\">\n\t\t\t\t\t<div class=\"elementor-icon-box-wrapper\">\n\t\t\t\t\t\t<div class=\"elementor-icon-box-content\">\n\t\t\t\t<h3 class=\"elementor-icon-box-title\">\n\t\t\t\t\t<a href=\"https:\/\/www.lenkanemravova.cz\/?page_id=619\" >\n\t\t\t\t\t\tDepilace Lycon\t\t\t\t\t<\/a>\n\t\t\t\t<\/h3>\n\t\t\t\t\t\t\t\t\t<p class=\"elementor-icon-box-description\">\n\t\t\t\t\t\tDepilace na zcela nov\u00e9 \u00farovni. Australsk\u00e9 vosky skv\u011bl\u00e9 kvality na jedine\u010dn\u00e9m principu ochrany k\u016f\u017ee p\u0159i depilaci.\t\t\t\t\t<\/p>\n\t\t\t\t\t\t\t<\/div>\n\t\t<\/div>\n\t\t\t\t<\/div>\n\t\t\t\t<\/div>\n\t\t\t\t\t<\/div>\n\t\t<\/div>\n\t\t\t\t<div class=\"has_eae_slider elementor-column elementor-col-33 elementor-top-column elementor-element elementor-element-4e9d308\" data-id=\"4e9d308\" data-element_type=\"column\">\n\t\t\t<div class=\"elementor-widget-wrap elementor-element-populated\">\n\t\t\t\t\t\t\t\t<div class=\"elementor-element elementor-element-6f3cd3f elementor-widget elementor-widget-image\" data-id=\"6f3cd3f\" data-element_type=\"widget\" data-widget_type=\"image.default\">\n\t\t\t\t<div class=\"elementor-widget-container\">\n\t\t\t\t\t\t\t\t\t\t\t\t\t\t\t\t<a href=\"https:\/\/www.lenkanemravova.cz\/?page_id=90\">\n\t\t\t\t\t\t\t<img width=\"500\" height=\"500\" src=\"https:\/\/www.lenkanemravova.cz\/wp-content\/uploads\/2017\/11\/round6.jpg\" class=\"attachment-full size-full wp-image-365\" alt=\"\" loading=\"lazy\" srcset=\"https:\/\/www.lenkanemravova.cz\/wp-content\/uploads\/2017\/11\/round6.jpg 500w, https:\/\/www.lenkanemravova.cz\/wp-content\/uploads\/2017\/11\/round6-150x150.jpg 150w, https:\/\/www.lenkanemravova.cz\/wp-content\/uploads\/2017\/11\/round6-300x300.jpg 300w, https:\/\/www.lenkanemravova.cz\/wp-content\/uploads\/2017\/11\/round6-425x425.jpg 425w, https:\/\/www.lenkanemravova.cz\/wp-content\/uploads\/2017\/11\/round6-350x350.jpg 350w\" sizes=\"(max-width: 500px) 100vw, 500px\" \/>\t\t\t\t\t\t\t\t<\/a>\n\t\t\t\t\t\t\t\t\t\t\t\t\t\t\t<\/div>\n\t\t\t\t<\/div>\n\t\t\t\t<div class=\"elementor-element elementor-element-64b14bf elementor-widget elementor-widget-icon-box\" data-id=\"64b14bf\" data-element_type=\"widget\" data-widget_type=\"icon-box.default\">\n\t\t\t\t<div class=\"elementor-widget-container\">\n\t\t\t\t\t<div class=\"elementor-icon-box-wrapper\">\n\t\t\t\t\t\t<div class=\"elementor-icon-box-content\">\n\t\t\t\t<h3 class=\"elementor-icon-box-title\">\n\t\t\t\t\t<a href=\"https:\/\/www.lenkanemravova.cz\/?page_id=90\" >\n\t\t\t\t\t\tPedik\u00fara\t\t\t\t\t<\/a>\n\t\t\t\t<\/h3>\n\t\t\t\t\t\t\t\t\t<p class=\"elementor-icon-box-description\">\n\t\t\t\t\t\tHygienick\u00e1 a estetick\u00e1 pedik\u00fara. <br><br>\t\t\t\t\t<\/p>\n\t\t\t\t\t\t\t<\/div>\n\t\t<\/div>\n\t\t\t\t<\/div>\n\t\t\t\t<\/div>\n\t\t\t\t\t<\/div>\n\t\t<\/div>\n\t\t\t\t<div class=\"has_eae_slider elementor-column elementor-col-33 elementor-top-column elementor-element elementor-element-554de95\" data-id=\"554de95\" data-element_type=\"column\">\n\t\t\t<div class=\"elementor-widget-wrap elementor-element-populated\">\n\t\t\t\t\t\t\t\t<div class=\"elementor-element elementor-element-c04c327 elementor-widget elementor-widget-image\" data-id=\"c04c327\" data-element_type=\"widget\" data-widget_type=\"image.default\">\n\t\t\t\t<div class=\"elementor-widget-container\">\n\t\t\t\t\t\t\t\t\t\t\t\t\t\t\t\t<a href=\"https:\/\/www.lenkanemravova.cz\/?page_id=509\">\n\t\t\t\t\t\t\t<img width=\"300\" height=\"300\" src=\"https:\/\/www.lenkanemravova.cz\/wp-content\/uploads\/2017\/11\/poukazy-300x300.jpg\" class=\"attachment-medium size-medium wp-image-370\" alt=\"\" loading=\"lazy\" srcset=\"https:\/\/www.lenkanemravova.cz\/wp-content\/uploads\/2017\/11\/poukazy-300x300.jpg 300w, https:\/\/www.lenkanemravova.cz\/wp-content\/uploads\/2017\/11\/poukazy-150x150.jpg 150w, https:\/\/www.lenkanemravova.cz\/wp-content\/uploads\/2017\/11\/poukazy-425x425.jpg 425w, https:\/\/www.lenkanemravova.cz\/wp-content\/uploads\/2017\/11\/poukazy-350x350.jpg 350w, https:\/\/www.lenkanemravova.cz\/wp-content\/uploads\/2017\/11\/poukazy.jpg 500w\" sizes=\"(max-width: 300px) 100vw, 300px\" \/>\t\t\t\t\t\t\t\t<\/a>\n\t\t\t\t\t\t\t\t\t\t\t\t\t\t\t<\/div>\n\t\t\t\t<\/div>\n\t\t\t\t<div class=\"elementor-element elementor-element-abbfa51 elementor-view-default elementor-position-top elementor-mobile-position-top elementor-widget elementor-widget-icon-box\" data-id=\"abbfa51\" data-element_type=\"widget\" data-widget_type=\"icon-box.default\">\n\t\t\t\t<div class=\"elementor-widget-container\">\n\t\t\t\t\t<div class=\"elementor-icon-box-wrapper\">\n\t\t\t\t\t\t<div class=\"elementor-icon-box-icon\">\n\t\t\t\t<a href=\"https:\/\/www.lenkanemravova.cz\/?page_id=509\" class=\"elementor-icon elementor-animation-\" tabindex=\"-1\">\n\t\t\t\t\t\t\t\t<\/a>\n\t\t\t<\/div>\n\t\t\t\t\t\t<div class=\"elementor-icon-box-content\">\n\t\t\t\t<h3 class=\"elementor-icon-box-title\">\n\t\t\t\t\t<a href=\"https:\/\/www.lenkanemravova.cz\/?page_id=509\" >\n\t\t\t\t\t\tD\u00e1rkov\u00e9 poukazy\t\t\t\t\t<\/a>\n\t\t\t\t<\/h3>\n\t\t\t\t\t\t\t<\/div>\n\t\t<\/div>\n\t\t\t\t<\/div>\n\t\t\t\t<\/div>\n\t\t\t\t\t<\/div>\n\t\t<\/div>\n\t\t\t\t\t\t\t<\/div>\n\t\t<\/section>\n\t\t\t\t\t\t\t<\/div>\n\t\t","protected":false},"excerpt":{"rendered":"<p>KOSMETIKA \u010casov\u00e1 trilogie: zpomalen\u00ed st\u00e1rnut\u00ed, boj s \u010dasem a zapln\u011bn\u00ed zn\u00e1mek \u010dasu. Kombinace kosmetiky vedouc\u00ed k osobn\u00edmu uspokojen\u00ed pot\u0159eb pleti ka\u017ed\u00e9ho z\u00e1kazn\u00edka. Lifting \u0159as &amp; LAMINACE OBO\u010c\u00cd Lifting \u0159as tj. Lash Lifting. Metoda kter\u00e1 umo\u017en\u00ed vizu\u00e1ln\u011b p\u0159idat prodlou\u017een\u00ed a nato\u010den\u00ed na p\u0159\u00edrodn\u00edch \u0159as\u00e1ch. CND Shellac &amp; PLEXIGEL Metoda \u00fapravy p\u0159\u00edrodn\u00edch neht\u016f bez naru\u0161en\u00ed integrity povrchu. Gellakov\u00e1 metoda s patentovanou technologi\u00ed. 60+ barev. Depilace Lycon Depilace na zcela nov\u00e9 \u00farovni. Australsk\u00e9 vosky skv\u011bl\u00e9 kvality na jedine\u010dn\u00e9m principu ochrany k\u016f\u017ee p\u0159i depilaci. Pedik\u00fara Hygienick\u00e1 a estetick\u00e1 pedik\u00fara. D\u00e1rkov\u00e9 poukazy<a class=\"more-link\" href=\"https:\/\/www.lenkanemravova.cz\/?page_id=157\">Read More &rarr;<\/a><\/p>\n","protected":false},"author":1,"featured_media":0,"parent":0,"menu_order":0,"comment_status":"closed","ping_status":"closed","template":"","meta":[],"_links":{"self":[{"href":"https:\/\/www.lenkanemravova.cz\/index.php?rest_route=\/wp\/v2\/pages\/157"}],"collection":[{"href":"https:\/\/www.lenkanemravova.cz\/index.php?rest_route=\/wp\/v2\/pages"}],"about":[{"href":"https:\/\/www.lenkanemravova.cz\/index.php?rest_route=\/wp\/v2\/types\/page"}],"author":[{"embeddable":true,"href":"https:\/\/www.lenkanemravova.cz\/index.php?rest_route=\/wp\/v2\/users\/1"}],"replies":[{"embeddable":true,"href":"https:\/\/www.lenkanemravova.cz\/index.php?rest_route=%2Fwp%2Fv2%2Fcomments&post=157"}],"version-history":[{"count":90,"href":"https:\/\/www.lenkanemravova.cz\/index.php?rest_route=\/wp\/v2\/pages\/157\/revisions"}],"predecessor-version":[{"id":3150,"href":"https:\/\/www.lenkanemravova.cz\/index.php?rest_route=\/wp\/v2\/pages\/157\/revisions\/3150"}],"wp:attachment":[{"href":"https:\/\/www.lenkanemravova.cz\/index.php?rest_route=%2Fwp%2Fv2%2Fmedia&parent=157"}],"curies":[{"name":"wp","href":"https:\/\/api.w.org\/{rel}","templated":true}]}}